**2 + 0 + 10*b**2 + 11*b. List the prime factors of n(-16).
3, 5
Let t = -29 + 61. Suppose 0 = 2*p - t - 112. What are the prime factors of p?
2, 3
List the prime factors of 22519*4/(-42)*3/(-2).
3217
Suppose -3*b = k - 13736, 0*b + 18318 = 4*b + 2*k. Suppose -4*f + b = -5*g + 1101, -4*f = -2*g - 1388. What are the prime factors of ((-4)/6)/(16/g)?
29
Suppose -19*w + 53 = -18*w. Let h = 2 + w. What are the prime factors of h?
5, 11
Let z = 99 - 18. What are the prime factors of z?
3
Suppose 97 + 107 = 2*b. Suppose -5*x - 2 + b = m, 5*m - 500 = x. Suppose -5*l + 45 + m = 0. What are the prime factors of l?
29
Let o(n) = -10*n - 2*n - n + 18 - n**2 + 11. What are the prime factors of o(-14)?
3, 5
Let c = -3 - -6. Suppose 15 = s + 2*s, 536 = c*d + 4*s. What are the prime factors of d?
2, 43
Suppose 4*d = 3*d - 3*z + 256, -2*d + 512 = z. Suppose d = 2*h + 2*h. What are the prime factors of h?
2
Let b(v) = -256*v**3 + 9*v**2 + 9*v. What are the prime factors of b(-1)?
2
Let m be -8*(-738)/(-9)*1/(-2). Suppose -6*v + m = -2*v. What are the prime factors of v?
2, 41
Suppose -10*j + 4 = 14. List the prime factors of (-5 + 13)/(j/(2 + -22)).
2, 5
Suppose -3*j + g + 6808 = 0, 4*j - 725 - 8363 = -4*g. List the prime factors of j.
2, 5, 227
Suppose -8*k + 1922 = -4*k - f, 2*k - f = 960. List the prime factors of k.
13, 37
Let b(d) = 2*d**2 + 6*d + 7. Let p be b(-2). Let r be 19 + (3 - (3 - p)). Suppose 300 = -17*a + r*a. What are the prime factors of a?
2, 3, 5
Let y(d) be the third derivative of d**5/30 + 7*d**4/12 + 5*d**3/6 - 9*d**2. List the prime factors of y(-9).
41
Suppose 12*r + 66 = 15*r. Suppose -r*w = -15*w - 455. List the prime factors of w.
5, 13
Let n(s) = -s**2 + 9*s + s**3 - 3 - 4*s**2 + 8 + s**2. Let m be n(5). Let g = 134 - m. What are the prime factors of g?
59
Let p(c) = 18*c - 4. Suppose -8*d + 2 = -30. List the prime factors of p(d).
2, 17
Suppose 0 = -2*r, 4*u + 2*r - 5*r = 8. Suppose -u*h + 94 + 94 = 0. List the prime factors of h.
2, 47
Suppose -4*t - 584 = -5*a + 1476, -1268 = -3*a - 4*t. List the prime factors of a.
2, 13
Let l = -12 + 14. Suppose l*n + 0*n - 4 = 0. Suppose 3*c = g + 5 + 2, 0 = n*c - 5*g - 9. List the prime factors of c.
2
Suppose 5*t - 2*g = 4442, -2*g - 1 - 1 = 0. List the prime factors of t.
2, 3, 37
What are the prime factors of -1 + (-7)/(-6) + 99771/126?
2, 3, 11
Let l be (-12)/24 + 1942/4. Suppose -l = -7*c - 100. What are the prime factors of c?
5, 11
Suppose r + 14 = 3*n, -2*r - r + 8 = n. Suppose 0 = q - n*q + 188. Let f = -30 + q. What are the prime factors of f?
17
Suppose 68*b + 5 = 69*b. Suppose b*r - 5*f - 731 = -2*f, -3*f = 2*r - 305. List the prime factors of r.
2, 37
Let m(u) = -u**3 + 6*u**2 + 9*u - 1. Let s be m(5). What are the prime factors of ((-10)/(-10))/(1/s)?
3, 23
Let b be 9/(-3) + (-1 - (-2 + -14)). Let z(a) = -3*a**3 - 3*a - 1. Let w be z(-6). List the prime factors of 2/b + w/42.
2
Suppose 0 = -11*y + 10*y + 80. Suppose 0 = -4*p + 3*p + y. List the prime factors of p.
2, 5
Let u be -3 - 1/(3/(3 + -12)). Suppose 108 = 4*q + 2*n - 212, u = 3*n. List the prime factors of q.
2, 5
Let z be -123*1*(5 - 6). Suppose -n - 3*n + w + 435 = 0, -5*w - z = -n. List the prime factors of n.
2, 3
Suppose 63*x - 59*x = 0, -3*b + 3*x + 294 = 0. List the prime factors of b.
2, 7
Let h = -293 - -1380. List the prime factors of h.
1087
Let f(x) = -x + 3. Let p be f(6). Let w = -2 + p. List the prime factors of w/2*60/(-25).
2, 3
What are the prime factors of (-256)/(-20)*(72 + -2)?
2, 7
Let v be (-2 - -1) + (-1582)/(-7 + 0). Let m = v - 116. What are the prime factors of m?
109
Let d = -16 - -20. Let t(b) = -b**2 + 8*b - 8. Let s be t(d). Suppose 110 = -3*g + s*g. List the prime factors of g.
2, 11
Let p(k) = 9*k**2 + 3*k - 19. Let b(s) = 8*s**2 + 3*s - 17. Let i(z) = 6*b(z) - 5*p(z). List the prime factors of i(5).
83
Suppose 0 = -29*k + 30*k - 2. Suppose -k = -5*m - 7, 0 = -l + 4*m + 80. List the prime factors of l.
2, 19
Let n = -35 - -45. List the prime factors of 772/n - (-24)/30.
2, 3, 13
Let p(n) = n**2 + 10*n - 9. Let r be p(-11). Suppose -2 = r*w - 0*y + 5*y, -w - 3*y = 3. Let d(v) = 5*v - 2. What are the prime factors of d(w)?
43
Suppose -5*z - 153 = -3*r, 0 = -r + 1. Suppose -5*w + 76 = -d, -d + w + 276 = -6*d. What are the prime factors of d/(-42)*z/(-4)?
2, 5
Let y = 2142 + -432. List the prime factors of y.
2, 3, 5, 19
Let n be (6/18)/((-2)/(-60)). Suppose j - n = -j. Suppose j*s = 2*s + 48. List the prime factors of s.
2
Suppose 2*n = 3*p + n - 33, -5*n = -15. What are the prime factors of (-20)/(-15) - (-704)/p?
2, 3, 5
Let g(f) be the first derivative of f**3/3 + f**2/2 + 11*f + 7. List the prime factors of g(7).
67
Suppose -1 = 2*v + 2*b + 1, 0 = -2*v - 3*b - 7. Suppose -o + 15 = -v*s - 4*o, -2*s - 5*o = 11. What are the prime factors of s/(-9) + 71/3?
2, 3
Suppose 40 = 5*n - g - 7, g + 2 = 0. Suppose n*z = 10*z - 2. Suppose -10 = -z*m, -2*w + 5*w - 2*m - 191 = 0. What are the prime factors of w?
67
Let p = -1537 + 3576. List the prime factors of p.
2039
Let u = -203 + 379. What are the prime factors of u?
2, 11
Let z = -3 - 5. Let m be (z - (1 + -4)) + 0. Let h(n) = -13*n - 14. List the prime factors of h(m).
3, 17
Let s = -1203 + 1705. What are the prime factors of s?
2, 251
Suppose -16 = -6*d + 2*d. Suppose -k + d*k - 33 = 0. Let b = k + 13. List the prime factors of b.
2, 3
Suppose 8*r = 9*r - 20. Let d = r - -39. What are the prime factors of d?
59
Let i be 2 - (668/6)/((-4)/(-6)). What are the prime factors of i/(-2)*36/30?
3, 11
Suppose 0 = 4*p - 5*t + 17 - 45, -4*p - 5*t = -68. Suppose -p*k + 242 = -10*k. What are the prime factors of k?
11
Let n(m) be the first derivative of m**4/4 + 3*m**3 + 5*m**2/2 + 6*m - 1. Suppose -8 = -32*t + 33*t. What are the prime factors of n(t)?
2, 3, 5
Let a(f) = -246*f - 17. List the prime factors of a(-3).
7, 103
Let l be (-4 + -5 + 8)*-7. Let o(r) = 27*r + 28. What are the prime factors of o(l)?
7, 31
Suppose 2*n + 7*n - 27 = 0. Suppose n*l = 16*l - 715. What are the prime factors of l?
5, 11
Suppose -68272 + 6496 = -44*z. What are the prime factors of z?
2, 3, 13
Suppose -j = j + 2*r + 64, -4*j - r = 128. Let n be j/2 - (-3 + 1). What are the prime factors of 7/(n/(-8)) - -16?
2, 5
Let t(v) = v**2 + 3*v - 19. Let c be t(-6). What are the prime factors of -9 - -27 - (0 - (-1 - c))?
2, 3
Suppose f = 2*g + 68, 4*g = -0*f + f - 132. What are the prime factors of 97/4 - (-8)/g?
2, 3
Suppose 13 = 4*r + 5*q, 5*r + 5*q = 14 + 1. Suppose 0 = r*w + 2*w - 628. List the prime factors of w.
157
Let g = 1834 - 259. What are the prime factors of g?
3, 5, 7
What are the prime factors of ((-49)/28)/((-2)/360)?
3, 5, 7
Suppose -3 = -3*w + 3, 1246 = 2*k - 5*w. List the prime factors of k.
2, 157
Let a = 33 - 39. What are the prime factors of (-246)/(a + 0 - -4)?
3, 41
Suppose 0 = -5*l + 3*h + 679, -12*l = -16*l - 3*h + 527. List the prime factors of l.
2, 67
Let t be ((-5)/15)/((-2)/24). Suppose 0 = -v + t*v. What are the prime factors of (-31 - v/(-1))/(-1)?
31
Suppose 39*z = 42*z - 423. What are the prime factors of z?
3, 47
Let l be -1 - (-13 - (3 - 4)). Let q(z) = 3*z + 3 - 12*z**2 - 3*z - 7*z + l*z**2. List the prime factors of q(-4).
3, 5
Let p(q) = -q**3 - 18*q**2 - 17*q - 28. What are the prime factors of p(-20)?
2, 139
Let r be -4*(18/8 + -3). List the prime factors of -1 + r + 26 + 21.
7
Let w(i) = -i**2 - 5*i - 1. Let s be w(-4). What are the prime factors of s - (2 + -41 + 0)?
2, 3, 7
Let n be (-8)/(-20) + (-48)/(-5). Let s = 123 - n. Suppose -23 = 5*v - s. What are the prime factors of v?
2, 3
Suppose 0 = 2*n - 4055 + 2393. List the prime factors of n.
3, 277
Let f(y) = -y**3 - y**2 - 4. Let z be f(-2). Suppose 42 = -z*j + 2*j + 5*l, 0 = -4*l. What are the prime factors of j?
3, 7
List the prime factors of (-63)/(-21) - ((-2 - -2) + -17).
2, 5
Suppose -5*y + 3*h + 2021 = 0, 0 = -14*y + 10*y - 3*h + 1633. List the prime factors of y.
2, 7, 29
Let p(a) = a**3 - a. Let q be p(0). Suppose -2*t + 31 + 121 = q. Suppose 5*l = -3*h + 92, t = 5*l - 0*l - h. List the prime factors of l.
2
Let h = -3240 - -7265. What are the prime factors of h?
5, 7, 23
List the prime factors of (11 + -15 - -5)/(1/1823).
1823
Suppose 2*x = 6*y - 5*y + 282, 0 = 2*x + 4*y -